 -1?
12201100010012
In base 13, what is -1 - 6687a2?
-6687a3
In base 15, what is -b - -912536?
91252a
In base 8, what is 20677675 - 5?
20677670
In base 13, what is 3a + 17a31?
17a6b
In base 4, what is 211212313302 - 1?
211212313301
In base 10, what is -8596 - -3206?
-5390
In base 10, what is -140 + 474749?
474609
In base 11, what is -91 + -59a812?
-59a8a3
In base 5, what is -44142210 + -1103?
-44143313
In base 8, what is -334336226 + 0?
-334336226
In base 3, what is -1000102121 - -1111211?
-221220210
In base 8, what is 53074 + 5513?
60607
In base 7, what is -341502534 + 1?
-341502533
In base 15, what is c5d100 + 2?
c5d102
In base 10, what is -95 + 40929?
40834
In base 10, what is -2 - -1552544?
1552542
In base 12, what is -5218 - 909?
-5b25
In base 15, what is -2b0 + 3a666?
3a3a6
In base 11, what is 3337a484 + 1?
3337a485
In base 2, what is 11100100 - 1001111000000111001?
-1001110111101010101
In base 2, what is 1000011010101101011 - 1?
1000011010101101010
In base 11, what is 12 + 2584045?
2584057
In base 4, what is 130201 - 3013032?
-2222231
In base 9, what is -27 + -351080?
-351117
In base 4, what is 303301121012 + 10?
303301121022
In base 13, what is 212b73ca - 4?
212b73c6
In base 7, what is 23 + -35626355?
-35626332
In base 14, what is -5a2 + 436c?
3baa
In base 3, what is -11022101021 + 10120?
-11022020201
In base 16, what is 9d - -59b3?
5a50
In base 4, what is -3201313310 + 3?
-3201313301
In base 15, what is 149145 + -23?
149122
In base 14, what is -5 + -8bc2c9?
-8bc2d0
In base 6, what is 5 - -152255302?
152255311
In base 15, what is 3 + -867a82?
-867a7e
In base 8, what is 1245 + -2164075?
-2162630
In base 9, what is -12 + -763457?
-763470
In base 2, what is 100001100 - -101001111111101011?
101010000011110111
In base 2, what is -100000000111000101 - 101100110101?
-100000110011111010
In base 15, what is 226a8776 + 4?
226a877a
In base 16, what is -3 - 7eb804?
-7eb807
In base 7, what is 11131 + 12236?
23400
In base 4, what is 1000302 + 2110300?
3111202
In base 5, what is -230330213042 + 4?
-230330213033
In base 4, what is -10 + 1010203332123?
1010203332113
In base 2, what is 1001010110110001 - -11101011?
1001011010011100
In base 6, what is 22 - 400524212?
-400524150
In base 13, what is -701239 + 1a?
-70121c
In base 12, what is -284373 - 318?
-28468b
In base 5, what is -4 + 10300403312?
10300403303
In base 8, what is -132053401 + 2?
-132053377
In base 7, what is -4 - 26142516?
-26142523
In base 6, what is -5 + -13000511?
-13000520
In base 9, what is 3503 - 634?
2758
In base 6, what is 0 - 3045220450?
-3045220450
In base 9, what is -2 + -3625872?
-3625874
In base 3, what is 100012200121200 - -10?
100012200121210
In base 14, what is 610 + -7c0?
-1b0
In base 11, what is 20307981 + -3?
20307979
In base 3, what is -100202201112121 + -12?
-100202201112210
In base 9, what is 6 - 43556130?
-43556123
In base 9, what is 2 - -345267?
345270
In base 14, what is 179b991 - -3?
179b994
In base 7, what is -346 - 223321?
-224000
In base 2, what is -110010101010001000000 - 0?
-110010101010001000000
In base 7, what is 20 + 1315314?
1315334
In base 5, what is 0 + 234023014?
234023014
In base 10, what is -50040 - 449?
-50489
In base 13, what is -2a - -755528?
7554cb
In base 12, what is -1 + -314a5862?
-314a5863
In base 4, what is -231 - 11322211002?
-11322211233
In base 3, what is 21 + 1121001111212?
1121001112010
In base 7, what is -12620245 + -2?
-12620250
In base 2, what is 100111000011011 + -10000110011?
100100111101000
In base 16, what is -7 + -1a99b0?
-1a99b7
In base 12, what is -672765 + -2?
-672767
In base 14, what is 8aab306 - 4?
8aab302
In base 12, what is -2 + 3384188?
3384186
In base 14, what is 1612c5ac - -1?
1612c5ad
In base 13, what is -89b8a5 + 7?
-89b89b
In base 9, what is 136 + -67230?
-67083
In base 3, what is 202210200 - -100012101?
1010000001
In base 3, what is 101021 + 120010220?
120112011
In base 8, what is -223716 - 21116?
-245034
In base 8, what is -42255 - 160126?
-222403
In base 10, what is -42901606 - -3?
-42901603
In base 2, what is 1001100101010 + -110111100?
1000101101110
In base 8, what is 6204070 + 0?
6204070
In base 10, what is -4 - 5606893?
-5606897
In base 9, what is -5370442 - 215?
-5370657
In base 6, what is -2404003 - -2140?
-2401423
In base 14, what is -137c6 - -4d22?
-c8a4
In base 2, what is -10010111010 - -11111010111101?
11101000000011
In base 3, what is 200 - 1020210122000?
-1020210121100
In base 15, what is -112 + -8aac?
-8bbe
In base 14, what is -2d77a7 + 53?
-2d7754
In base 4, what is -311322131320 + -10?
-311322131330
In base 11, what is -83 + 29649?
29576
In base 13, what is 6b95 + 27?
6bbc
In base 10, what is 4054367 + 1?
4054368
In base 11, what is 401028 + -5?
401023
In base 15, what is 98 + 3a4c?
3ae5
In base 8, what is -2 + -24456461?
-24456463
In base 13, what is 5 - -4b81774?
4b81779
In base 8, what is 712537 + 1333?
714072
In base 13, what is -2 - 3401092?
-3401094
In base 2, what is -1011111100111100000 + -11010110?
-1011111101010110110
In base 4, what is -311322120 - -21232?
-311300222
In base 13, what is -7 + 1626b6?
1626ac
In base 3, what is 1102002 - 110112122001?
-110111012222
In base 6, what is 2043213 - 255?
2042514
In base 15, what is 71ed + -109?
70e4
In base 14, what is -69651 - 2a4?
-69915
In base 12, what is -4 + -2087b02?
-2087b06
In base 14, what is 4dd3 + 40c9?
90bc
In base 9, what is -2530738 + 788?
-2528840
In base 8, what is 15 - 550455?
-550440
In base 9, what is -2353 - 3260?
-5623
In base 15, what is -6 + 55596?
55590
In base 16, what is -24c5 + -50?
-2515
In base 5, what is 20412044200 + 1?
20412044201
In base 10, what is 941 - 4755?
-3814
In base 8, what is 570 - 11531?
-10741
In base 11, what is -158 + -a42aa?
-a4457
In base 14, what is 54 + 22124?
22178
In base 8, what is 27 + 210225?
210254
In base 16, what is 32 - -b82c?
b85e
In base 15, what is 14d + 2c6dc?
2c83a
In base 7, what is 231154 - -162100?
423254
In base 15, what is 300686e - 4?
300686a
In base 4, what is 22233321 + -10?
22233311
In base 3, what is -12 - 20112002200122?
-20112002200211
In base 2, what is -1110100101011 - -10010010001?
-1100010011010
In base 3, what is 10202110201210 + -12?
10202110201121
In base 4, what is -222230011333 + -30?
-222230012023
In base 15, what is -2d9 - 87d4?
-8abd
In base 6, what is 2252153542 + 22?
2252154004
In base 2, what is 1110111000110011110000 + -10?
1110111000110011101110
In base 8, what is -60420 - 4306?
-64726
In base 9, what is -26711 + 10108?
-16602
In base 5, what is 113431033 - -212?
113431300
In base 4, what is -101 + -103233303213?
-103233303320
In base 14, what is 9834189 - -15?
98341a0
In base 13, what is -116776 + -332?
-116aa8
In base 14, what is -ca - -24c151?
24c065
In base 6, what is 40141304 - -1041?
40142345
In base 2, what is 1001111010111 + -1110101101010101?
-1101011101111110
In base 3, what is 120112100020 + -1121021?
120110201222
In base 9, what is -1 + 32263755?
32263754
In base 15, what is -161254b5 + -1?
-161254b6
In base 7, what is 5 - 5233566?
-5233561
In base 10, what is -4 - -432499?
432495
In base 4, what is 1031303 + -2320213?
-1222310
In base 8, what is 456531 - 472?
456037
In base 10, what is -112740 + -81?
-112821
In base 5, what is -130322303 + 10031?
-130312222
In base 9, what is -3143 + 1804?
-1238
In base 5, what is -121 + -30434331203?
-30434331324
In base 3, what is 1000 - 220211212102?
-220211211102
In base 15, what is 105ac921 + -1?
105ac920
In base 15, what is 134 + -952?
-81d
In base 15, what is 28e2612 - 3?
28e260e
In base 2, what is 100011110011010010 - -110110011?
100011111010000101
In base 7, what is 2 - -21215611?
21215613
In base 11, what is 26888 + -23a?
26649
In base 5, what is -3131314241 + -10?
-3131314301
In base 16, what is 5 + 13e30b?
13e310
In base 14, what is -4 - -d2a6b0?
d2a6aa
In base 4, what is 1311030022 + 12100?
1311102122
In base 15, what is -1 - -26827d?
26827c
In base 3, what is 1010002022021 - 11?
1010002022010
In base 16, what is -2fdc2 + b9?
-2fd09
In base 12, what is -1280b77 - 57?
-1281012
In base 13, what is 0 + -4a6a8c?
-4a6a8c
In base 11, what is -48750409 - -1?
-48750408
In base 11, what is -2445 + -130?
-2575
In base 16, what is 4 + 79e4335?
79e4339
In base 5, what is 1241221324340 - 4?
12412213243